 prime factors of 56796?
2, 3, 4733
What are the prime factors of 1602?
2, 3, 89
What are the prime factors of 12?
2, 3
List the prime factors of 114.
2, 3, 19
List the prime factors of 36589.
7, 5227
What are the prime factors of 11362?
2, 13, 19, 23
What are the prime factors of 1712?
2, 107
What are the prime factors of 3545?
5, 709
What are the prime factors of 3695?
5, 739
What are the prime factors of 30637?
30637
List the prime factors of 691.
691
List the prime factors of 78214.
2, 39107
What are the prime factors of 108825?
3, 5, 1451
What are the prime factors of 164?
2, 41
What are the prime factors of 128144?
2, 8009
List the prime factors of 651.
3, 7, 31
What are the prime factors of 42762?
2, 3, 7127
List the prime factors of 14488.
2, 1811
List the prime factors of 40961.
40961
What are the prime factors of 3030?
2, 3, 5, 101
List the prime factors of 4411.
11, 401
What are the prime factors of 885?
3, 5, 59
List the prime factors of 18358.
2, 67, 137
What are the prime factors of 10049?
13, 773
What are the prime factors of 495?
3, 5, 11
What are the prime factors of 91277?
97, 941
List the prime factors of 35290.
2, 5, 3529
What are the prime factors of 16914?
2, 3, 2819
List the prime factors of 3746.
2, 1873
List the prime factors of 1859.
11, 13
What are the prime factors of 9316?
2, 17, 137
What are the prime factors of 62491?
11, 13, 19, 23
List the prime factors of 17602.
2, 13, 677
List the prime factors of 1532.
2, 383
List the prime factors of 5304.
2, 3, 13, 17
What are the prime factors of 568?
2, 71
List the prime factors of 6158.
2, 3079
What are the prime factors of 3168?
2, 3, 11
What are the prime factors of 72735?
3, 5, 13, 373
What are the prime factors of 9814?
2, 7, 701
What are the prime factors of 1052?
2, 263
List the prime factors of 6688.
2, 11, 19
List the prime factors of 4555.
5, 911
List the prime factors of 105610.
2, 5, 59, 179
List the prime factors of 8310.
2, 3, 5, 277
List the prime factors of 841.
29
What are the prime factors of 139904?
2, 1093
What are the prime factors of 10588?
2, 2647
List the prime factors of 220.
2, 5, 11
What are the prime factors of 11048?
2, 1381
What are the prime factors of 72862?
2, 17, 2143
List the prime factors of 3326.
2, 1663
List the prime factors of 22949.
53, 433
What are the prime factors of 126071?
11, 73, 157
What are the prime factors of 554?
2, 277
What are the prime factors of 15855?
3, 5, 7, 151
What are the prime factors of 1279?
1279
List the prime factors of 268.
2, 67
List the prime factors of 18783.
3, 2087
What are the prime factors of 26435?
5, 17, 311
List the prime factors of 303.
3, 101
List the prime factors of 125753.
125753
List the prime factors of 5784.
2, 3, 241
List the prime factors of 2589.
3, 863
What are the prime factors of 13750?
2, 5, 11
What are the prime factors of 110?
2, 5, 11
What are the prime factors of 8227?
19, 433
What are the prime factors of 132858?
2, 3, 11, 61
List the prime factors of 24251.
24251
List the prime factors of 1337.
7, 191
What are the prime factors of 2113?
2113
List the prime factors of 17499.
3, 19, 307
List the prime factors of 17420.
2, 5, 13, 67
What are the prime factors of 33354?
2, 3, 17, 109
What are the prime factors of 31893?
3, 10631
List the prime factors of 3378.
2, 3, 563
List the prime factors of 358.
2, 179
What are the prime factors of 3096?
2, 3, 43
List the prime factors of 281.
281
List the prime factors of 19502.
2, 7, 199
What are the prime factors of 2564?
2, 641
List the prime factors of 128507.
107, 1201
What are the prime factors of 2515?
5, 503
List the prime factors of 9511.
9511
List the prime factors of 3911.
3911
List the prime factors of 914.
2, 457
List the prime factors of 6754.
2, 11, 307
What are the prime factors of 1029?
3, 7
List the prime factors of 6514.
2, 3257
List the prime factors of 9409.
97
What are the prime factors of 23140?
2, 5, 13, 89
What are the prime factors of 44033?
11, 4003
What are the prime factors of 80216?
2, 37, 271
List the prime factors of 21707.
7, 443
List the prime factors of 1057.
7, 151
List the prime factors of 7315.
5, 7, 11, 19
List the prime factors of 1215.
3, 5
List the prime factors of 7749.
3, 7, 41
What are the prime factors of 7160?
2, 5, 179
List the prime factors of 9654.
2, 3, 1609
List the prime factors of 27361.
27361
List the prime factors of 5457.
3, 17, 107
List the prime factors of 6691.
6691
What are the prime factors of 18365?
5, 3673
What are the prime factors of 35292?
2, 3, 17, 173
List the prime factors of 6009.
3, 2003
What are the prime factors of 15761?
15761
What are the prime factors of 14293?
14293
What are the prime factors of 1616?
2, 101
List the prime factors of 49595.
5, 7, 13, 109
List the prime factors of 64977.
3, 11, 179
List the prime factors of 5236.
2, 7, 11, 17
List the prime factors of 15395.
5, 3079
What are the prime factors of 1275?
3, 5, 17
List the prime factors of 1485.
3, 5, 11
What are the prime factors of 25813?
83, 311
List the prime factors of 2222.
2, 11, 101
List the prime factors of 5637.
3, 1879
What are the prime factors of 2548?
2, 7, 13
List the prime factors of 1949.
1949
What are the prime factors of 6187?
23, 269
List the prime factors of 27113.
19, 1427
List the prime factors of 129846.
2, 3, 17, 19, 67
List the prime factors of 6625.
5, 53
What are the prime factors of 211?
211
What are the prime factors of 28340?
2, 5, 13, 109
List the prime factors of 468.
2, 3, 13
What are the prime factors of 6897?
3, 11, 19
List the prime factors of 725.
5, 29
List the prime factors of 63312.
2, 3, 1319
List the prime factors of 1152.
2, 3
What are the prime factors of 8429?
8429
What are the prime factors of 330?
2, 3, 5, 11
What are the prime factors of 910?
2, 5, 7, 13
List the prime factors of 3248.
2, 7, 29
What are the prime factors of 5228?
2, 1307
List the prime factors of 14678.
2, 41, 179
What are the prime factors of 719?
719
List the prime factors of 12224.
2, 191
What are the prime factors of 46074?
2, 3, 7, 1097
What are the prime factors of 4894?
2, 2447
List the prime factors of 81533.
81533
List the prime factors of 59648.
2, 233
What are the prime factors of 627?
3, 11, 19
List the prime factors of 6885.
3, 5, 17
List the prime factors of 152169.
3, 50723
What are the prime factors of 21021?
3, 7, 11, 13
List the prime factors of 38584.
2, 7, 13, 53
List the prime factors of 10213.
7, 1459
List the prime factors of 7999.
19, 421
What are the prime factors of 423?
3, 47
List the prime factors of 27975.
3, 5, 373
What are the prime factors of 1219?
23, 53
List the prime factors of 417.
3, 139
What are the prime factors of 70680?
2, 3, 5, 19, 31
List the prime factors of 1230.
2, 3, 5, 41
What are the prime factors of 3824?
2, 239
What are the prime factors of 22978?
2, 11489
What are the prime factors of 138?
2, 3, 23
List the prime factors of 159603.
3, 53201
List the prime factors of 1810.
2, 5, 181
What are the prime factors of 438?
2, 3, 73
What are the prime factors of 114758?
2, 7, 1171
What are the prime factors of 676?
2, 13
What are the prime factors of 4236?
2, 3, 353
What are the prime factors of 2335?
5, 467
What are the prime factors of 5061?
3, 7, 241
List the prime factors of 995.
5, 199
List the prime factors of 126782.
2, 63391
What are the prime factors of 41?
41
What are the prime factors of 21690?
2, 3, 5, 241
What are the prime factors of 13658?
2, 6829
What are the prime factors of 459?
3, 17
What are the prime factors of 5609?
71, 79
List the prime factors of 65015.
5, 13003
What are the prime factors of 11023?
73, 151
List the prime factors of 693.
3, 7, 11
List the prime factors of 75143.
163, 461
What are the prime factors of 18307?
18307
List the prime factors of 162727.
162727
What are the prime factors of 56?
2, 7
What are the prime factors of 4091?
4091
What are the prime factors of 1802?
2, 17, 53
What are the prime factors of 32?
2
List the prime factors of 8589.
3, 7, 409
What are the prime factors of 19904?
2, 311
What are the prime factors of 570?
2, 3, 5, 19
List the prime factors of 2726.
2, 29, 47
What are the prime factors of 59666?
2, 29833
What are the prime factors of 4393?
23, 191
List the prime factors of 